?
True
Is 100 a multiple of 5?
True
Is 14 a factor of 19068?
True
Is 474 a multiple of 4?
False
Does 24 divide 238?
False
Does 2 divide 100?
True
Is 2 a factor of 71?
False
Is 1520 a multiple of 19?
True
Is 111 a factor of 940?
False
Is 18 a factor of 12888?
True
Is 38 a factor of 2355?
False
Is 71 a factor of 48919?
True
Is 43 a factor of 602?
True
Is 20912 a multiple of 71?
False
Is 4 a factor of 132?
True
Is 172 a factor of 3096?
True
Does 125 divide 8875?
True
Does 10 divide 380?
True
Does 2 divide 659?
False
Is 3431 a multiple of 73?
True
Does 6 divide 4189?
False
Is 131 a factor of 14410?
True
Does 28 divide 840?
True
Does 26 divide 32523?
False
Does 14 divide 294?
True
Is 8 a factor of 34571?
False
Does 28 divide 34804?
True
Does 89 divide 50196?
True
Is 45 a factor of 855?
True
Is 9 a factor of 16898?
False
Is 39858 a multiple of 42?
True
Does 3 divide 6957?
True
Does 11 divide 156?
False
Is 11 a factor of 2946?
False
Is 2775 a multiple of 15?
True
Is 15 a factor of 382?
False
Is 3104 a multiple of 12?
False
Does 15 divide 5460?
True
Is 35 a factor of 595?
True
Is 34 a factor of 1912?
False
Is 40 a multiple of 8?
True
Does 76 divide 48260?
True
Is 14 a factor of 42?
True
Does 47 divide 1417?
False
Does 91 divide 364?
True
Is 17 a factor of 15407?
False
Does 141 divide 9870?
True
Is 15 a factor of 341?
False
Is 1176 a multiple of 6?
True
Does 6 divide 111?
False
Is 4336 a multiple of 16?
True
Is 16 a factor of 3685?
False
Is 66 a factor of 1838?
False
Is 6374 a multiple of 182?
False
Is 1754 a multiple of 32?
False
Is 455 a multiple of 19?
False
Is 3249 a multiple of 9?
True
Is 455 a multiple of 2?
False
Is 12000 a multiple of 24?
True
Does 75 divide 833?
False
Is 11 a factor of 328?
False
Is 568 a multiple of 25?
False
Does 51 divide 1439?
False
Is 25 a factor of 45439?
False
Does 91 divide 11535?
False
Is 265 a multiple of 53?
True
Is 352 a multiple of 14?
False
Is 75939 a multiple of 17?
True
Is 57 a factor of 684?
True
Does 7 divide 1598?
False
Is 2 a factor of 44?
True
Is 2180 a multiple of 31?
False
Is 101 a factor of 30358?
False
Does 21 divide 53?
False
Does 22 divide 149490?
True
Is 9 a factor of 703?
False
Is 2202 a multiple of 19?
False
Does 9 divide 1701?
True
Does 106 divide 108772?
False
Is 104 a factor of 28288?
True
Does 13 divide 3705?
True
Is 94 a factor of 234?
False
Does 34 divide 3587?
False
Does 12 divide 3967?
False
Is 53 a factor of 4770?
True
Is 6128 a multiple of 16?
True
Does 23 divide 1866?
False
Is 1242 a multiple of 23?
True
Does 9 divide 9945?
True
Is 21 a factor of 22365?
True
Is 9 a factor of 1821?
False
Is 106 a factor of 2732?
False
Is 28310 a multiple of 19?
True
Does 64 divide 9515?
False
Is 35535 a multiple of 33?
False
Is 11 a factor of 28632?
False
Does 13 divide 657?
False
Is 10 a factor of 282?
False
Is 1121 a multiple of 59?
True
Does 41 divide 88998?
False
Is 63 a multiple of 9?
True
Is 29074 a multiple of 26?
False
Is 2182 a multiple of 11?
False
Is 8333 a multiple of 80?
False
Is 10 a factor of 270?
True
Is 2398 a multiple of 17?
False
Does 37 divide 911?
False
Does 33 divide 3923?
False
Is 1740 a multiple of 18?
False
Does 14 divide 12329?
False
Does 62 divide 511?
False
Is 1508 a multiple of 13?
True
Is 888 a multiple of 24?
True
Does 52 divide 20702?
False
Is 5813 a multiple of 55?
False
Is 1266 a multiple of 26?
False
Is 34 a factor of 1088?
True
Is 11 a factor of 15279?
True
Does 52 divide 4316?
True
Does 31 divide 971?
False
Does 9 divide 7137?
True
Is 20 a factor of 260?
True
Is 6 a factor of 1482?
True
Is 26243 a multiple of 30?
False
Does 21 divide 1428?
True
Does 16 divide 7682?
False
Is 114364 a multiple of 60?
False
Is 16 a factor of 48928?
True
Is 42 a factor of 7392?
True
Does 14 divide 2114?
True
Does 21 divide 11707?
False
Does 22 divide 2817?
False
Is 15402 a multiple of 34?
True
Is 2592 a multiple of 72?
True
Is 35069 a multiple of 57?
False
Is 14553 a multiple of 7?
True
Is 79 a factor of 592?
False
Is 10 a factor of 168?
False
Does 26 divide 988?
True
Does 80 divide 4880?
True
Is 5 a factor of 15?
True
Does 24 divide 384?
True
Is 36 a factor of 1961?
False
Is 40 a factor of 662?
False
Is 49222 a multiple of 9?
False
Is 1959 a multiple of 29?
False
Is 20 a factor of 12926?
False
Does 14 divide 1507?
False
Does 56 divide 6119?
False
Does 32 divide 1920?
True
Does 34 divide 5553?
False
Is 2281 a multiple of 64?
False
Is 44516 a multiple of 31?
True
Is 27 a factor of 2362?
False
Does 105 divide 2471?
False
Does 21 divide 105?
True
Does 3 divide 16682?
False
Does 85 divide 2125?
True
Is 84192 a multiple of 48?
True
Is 15 a factor of 330?
True
Does 111 divide 11930?
False
Does 131 divide 10109?
False
Is 9 a factor of 380?
False
Is 65 a factor of 22230?
True
Is 637 a multiple of 13?
True
Is 28 a factor of 2212?
True
Is 21011 a multiple of 48?
False
Is 27533 a multiple of 63?
False
Is 41 a factor of 1025?
True
Is 3 a factor of 262?
False
Is 20576 a multiple of 120?
False
Does 18 divide 809?
False
Is 2 a factor of 89?
False
Is 174 a factor of 2410?
False
Does 25 divide 1979?
False
Is 23654 a multiple of 124?
False
Is 2280 a multiple of 60?
True
Does 13 divide 845?
True
Is 28 a factor of 1025?
False
Is 5173 a multiple of 18?
False
Is 5852 a multiple of 14?
True
Is 5080 a multiple of 10?
True
Does 59 divide 20972?
False
Is 48 a factor of 1440?
True
Does 107 divide 3940?
False
Does 109 divide 4026?
False
Does 11 divide 57359?
False
Does 52 divide 468?
True
Is 10580 a multiple of 23?
True
Does 4 divide 4322?
False
Is 37 a factor of 29501?
False
Is 1122 a multiple of 17?
True
Does 45 divide 360?
True
Is 3144 a multiple of 6?
True
Is 13 a factor of 922?
False
Is 113 a factor of 64481?
False
Is 5 a factor of 106?
False
Is 31 a factor of 3268?
False
Does 39 divide 14625?
True
Is 19600 a multiple of 91?
False
Is 2959 a multiple of 3?
False
Is 67466 a multiple of 79?
True
Does 106 divide 5443?
False
Is 612 a multiple of 51?
True
Is 28 a factor of 7448?
True
Is 13439 a multiple of 8?
False
Does 100 divide 6800?
True
Does 24 divide 1128?
True
Is 29 a factor of 7256?
False
Is 782 a multiple of 23?
True
Is 3306 a multiple of 57?
True
Does 124 divide 32420?
False
Is 14 a factor of 770?
True
Is 51 a factor of 6222?
True
Is 40 a factor of 8040?
True
Does 92 divide 209?
False
Does 2 divide 391?
False
Is 6 a factor of 60?
True
Is 3 a factor of 531?
True
Is 31 a factor of 1302?
True
Is 59 a multiple of 3?
False
Is 70 a factor of 20484?
False
Is 14 a factor of 2136?
False
Is 282 a factor of 48203?
False
Does 7 divide 308?
True
Is 2 a factor of 857?
False
Is 10 a factor of 38905?
False
Is 384 a multiple of 24?
True
Does 339 divide 31381?
False
Is 18 a factor of 360?
True
Is 9202 a multiple of 98?
False
Is 137 a factor of 3288?
True
Is 236 a factor of 6608?
True
Does 18 divide 666?
True
Does 3 divide 1389?
True
Is 3 a factor of 87?
True
Is 12 a factor of 5886?
False
Is 77075 a multiple of 203?
False
Is 358 a multiple of 15?
False
Is 422 a multiple of 4?
False
Does 220 divide 71909?
False
Does 7 divide 18123?
True
Is 36 a multiple of 34?
False
Does 12 divide 18264?
True
Does 8 divide 2720?
True
Does 77 divide 2834?
False
Does 12 divide 34218?
False
Is 17 a factor of 1511?
False
Is 155 a factor of 17591?
False
Is 3936 a multiple of 12?
True
Is 32 a multiple of 16?
True
Is 7868 a multiple of 28?
True
Is 9 a factor of 14783?
False
Is 19 a factor of 1881?
True
Is 99 a multiple of 14?
False
Is 18 a factor of 419?
False
Is 16353 a multiple of 9?
True
Does 53 divide 793?
False
Does 2 divide 237?
False
Is 5 a factor of 471?
False
Is 2393 a multiple of 9?
False
Is 95 a factor of 2090?
True
Is 23 a factor of 3565?
True
Is 9332 a multiple of 5?
False
Is 19 a factor of 1045?
True
Does 14 divide 36069?
False
Does 26 divide 337?
False
Is 30 a factor of 7050?
True
Does 17 divide 3553?
True
Is 5236 a multiple of 154?
True
Does 5 divide 125?
True
Is 5756 a multiple of 16?
False
Does 35 divide 28840?
True
Does 33 divide 264?
True
Is 28 a factor of 1064?
True
Is 7 a factor of 76?
False
Is 16 a factor of 3328?
True
Is 396 a multiple of 44?
True
Is 22338 a multiple of 219?
True
Is 1935 a multiple of 6?
False
Is 56081 a multiple of 85?
False
Is 3222 a multiple of 18?
True
Does 29 divide 261?
True
Is 7898 a multiple of 22